CRAN Package Check Results for Package BayesNetBP

Last updated on 2021-06-15 11:50:01 CEST.

Flavor Version Tinstall Tcheck Ttotal Status Flags
r-devel-linux-x86_64-debian-clang 1.5.9 15.76 147.68 163.44 NOTE
r-devel-linux-x86_64-debian-gcc 1.5.9 12.88 108.98 121.86 NOTE
r-devel-linux-x86_64-fedora-clang 1.5.9 203.96 NOTE
r-devel-linux-x86_64-fedora-gcc 1.5.9 190.12 NOTE
r-devel-windows-x86_64 1.5.9 26.00 168.00 194.00 NOTE
r-devel-windows-x86_64-gcc10-UCRT 1.5.9 NOTE
r-patched-linux-x86_64 1.5.9 18.54 140.13 158.67 NOTE
r-patched-solaris-x86 1.5.9 265.10 NOTE
r-release-linux-x86_64 1.5.9 13.77 138.40 152.17 NOTE
r-release-macos-arm64 1.5.5 ERROR
r-release-macos-x86_64 1.5.9 NOTE
r-release-windows-ix86+x86_64 1.5.9 36.00 167.00 203.00 NOTE
r-oldrel-macos-x86_64 1.5.9 NOTE
r-oldrel-windows-ix86+x86_64 1.5.9 39.00 188.00 227.00 NOTE

Check Details

Version: 1.5.9
Check: package dependencies
Result: NOTE
    Package suggested but not available for checking: 'cyjShiny'
Flavors: r-devel-linux-x86_64-debian-clang, r-devel-linux-x86_64-debian-gcc, r-devel-linux-x86_64-fedora-clang, r-devel-linux-x86_64-fedora-gcc, r-devel-windows-x86_64, r-patched-linux-x86_64, r-patched-solaris-x86, r-release-linux-x86_64, r-release-macos-x86_64, r-release-windows-ix86+x86_64, r-oldrel-macos-x86_64, r-oldrel-windows-ix86+x86_64

Version: 1.5.9
Check: package dependencies
Result: NOTE
    Packages suggested but not available for checking: 'Rgraphviz', 'cyjShiny'
Flavor: r-devel-windows-x86_64-gcc10-UCRT

Version: 1.5.5
Check: package dependencies
Result: ERROR
    Package required but not available: ‘qtlnet’
    
    Package suggested but not available for checking: ‘cyjShiny’
    
    See section ‘The DESCRIPTION file’ in the ‘Writing R Extensions’
    manual.
Flavor: r-release-macos-arm64