CRAN Package Check Results for Package BTM

Last updated on 2024-06-13 16:49:01 CEST.

Flavor Version Tinstall Tcheck Ttotal Status Flags
r-devel-linux-x86_64-debian-clang 0.3.7 48.41 39.34 87.75 NOTE
r-devel-linux-x86_64-debian-gcc 0.3.7 29.89 35.79 65.68 NOTE
r-devel-linux-x86_64-fedora-clang 0.3.7 123.11 NOTE
r-devel-linux-x86_64-fedora-gcc 0.3.7 124.26 NOTE
r-devel-windows-x86_64 0.3.7 35.00 71.00 106.00 NOTE
r-patched-linux-x86_64 0.3.7 42.23 45.71 87.94 NOTE
r-release-linux-x86_64 0.3.7 36.29 45.65 81.94 NOTE
r-release-macos-arm64 0.3.7 31.00 NOTE
r-release-macos-x86_64 0.3.7 47.00 NOTE
r-release-windows-x86_64 0.3.7 33.00 76.00 109.00 NOTE
r-oldrel-macos-arm64 0.3.7 32.00 OK
r-oldrel-macos-x86_64 0.3.7 54.00 OK
r-oldrel-windows-x86_64 0.3.7 36.00 79.00 115.00 OK

Check Details

Version: 0.3.7
Check: Rd files
Result: NOTE checkRd: (-1) terms.BTM.Rd:23-25: Lost braces in \itemize; \value handles \item{}{} directly checkRd: (-1) terms.BTM.Rd:26-32: Lost braces in \itemize; \value handles \item{}{} directly checkRd: (-1) terms.data.frame.Rd:25-31: Lost braces in \itemize; \value handles \item{}{} directly checkRd: (-1) terms.data.frame.Rd:32-38: Lost braces in \itemize; \value handles \item{}{} directly Flavors: r-devel-linux-x86_64-debian-clang, r-devel-linux-x86_64-debian-gcc, r-devel-linux-x86_64-fedora-clang, r-devel-linux-x86_64-fedora-gcc, r-devel-windows-x86_64, r-patched-linux-x86_64, r-release-linux-x86_64, r-release-macos-arm64, r-release-macos-x86_64, r-release-windows-x86_64