CRAN Package Check Results for Package BSW

Last updated on 2024-05-21 08:56:11 CEST.

Flavor Version Tinstall Tcheck Ttotal Status Flags
r-devel-linux-x86_64-debian-clang 0.1.1 4.77 75.30 80.07 NOTE
r-devel-linux-x86_64-debian-gcc 0.1.1 5.69 57.36 63.05 NOTE
r-devel-linux-x86_64-fedora-clang 0.1.1 104.76 NOTE
r-devel-linux-x86_64-fedora-gcc 0.1.1 114.52 NOTE
r-devel-windows-x86_64 0.1.1 7.00 72.00 79.00 NOTE
r-patched-linux-x86_64 0.1.1 8.01 71.94 79.95 NOTE
r-release-linux-x86_64 0.1.1 6.02 72.74 78.76 NOTE
r-release-macos-arm64 0.1.1 39.00 NOTE
r-release-windows-x86_64 0.1.1 6.00 74.00 80.00 NOTE
r-oldrel-macos-arm64 0.1.1 40.00 NOTE
r-oldrel-macos-x86_64 0.1.1 61.00 NOTE
r-oldrel-windows-x86_64 0.1.1 9.00 84.00 93.00 NOTE

Check Details

Version: 0.1.1
Check: LazyData
Result: NOTE 'LazyData' is specified without a 'data' directory Flavors: r-devel-linux-x86_64-debian-clang, r-devel-linux-x86_64-debian-gcc, r-devel-linux-x86_64-fedora-clang, r-devel-linux-x86_64-fedora-gcc, r-devel-windows-x86_64, r-patched-linux-x86_64, r-release-linux-x86_64, r-release-macos-arm64, r-release-windows-x86_64, r-oldrel-macos-arm64, r-oldrel-macos-x86_64, r-oldrel-windows-x86_64