CRAN Package Check Results for Package BNrich

Last updated on 2021-06-15 19:52:46 CEST.

Flavor Version Tinstall Tcheck Ttotal Status Flags
r-devel-linux-x86_64-debian-clang 0.1.1 9.44 92.46 101.90 NOTE
r-devel-linux-x86_64-debian-gcc 0.1.1 7.21 70.58 77.79 NOTE
r-devel-linux-x86_64-fedora-clang 0.1.1 128.81 NOTE
r-devel-linux-x86_64-fedora-gcc 0.1.1 119.85 NOTE
r-devel-windows-x86_64 0.1.1 14.00 112.00 126.00 NOTE
r-devel-windows-x86_64-gcc10-UCRT 0.1.1 NOTE
r-patched-linux-x86_64 0.1.1 8.82 87.63 96.45 NOTE
r-patched-solaris-x86 0.1.1 177.00 NOTE
r-release-linux-x86_64 0.1.1 9.29 88.02 97.31 NOTE
r-release-macos-arm64 0.1.1 NOTE
r-release-macos-x86_64 0.1.1 NOTE
r-release-windows-ix86+x86_64 0.1.1 21.00 113.00 134.00 NOTE
r-oldrel-macos-x86_64 0.1.1 OK
r-oldrel-windows-ix86+x86_64 0.1.1 13.00 118.00 131.00 OK

Check Details

Version: 0.1.1
Check: LazyData
Result: NOTE
     'LazyData' is specified without a 'data' directory
Flavors: r-devel-linux-x86_64-debian-clang, r-devel-linux-x86_64-debian-gcc, r-devel-linux-x86_64-fedora-clang, r-devel-linux-x86_64-fedora-gcc, r-devel-windows-x86_64, r-devel-windows-x86_64-gcc10-UCRT, r-patched-linux-x86_64, r-patched-solaris-x86, r-release-linux-x86_64, r-release-macos-arm64, r-release-macos-x86_64, r-release-windows-ix86+x86_64