CRAN Package Check Results for Package BNPdensity

Last updated on 2021-03-05 23:48:38 CET.

Flavor Version Tinstall Tcheck Ttotal Status Flags
r-devel-linux-x86_64-debian-clang 2020.3.4 12.57 163.02 175.59 NOTE
r-devel-linux-x86_64-debian-gcc 2020.3.4 9.22 117.78 127.00 NOTE
r-devel-linux-x86_64-fedora-clang 2020.3.4 210.53 NOTE
r-devel-linux-x86_64-fedora-gcc 2020.3.4 199.99 NOTE
r-devel-windows-ix86+x86_64 2020.3.4 22.00 235.00 257.00 OK
r-patched-linux-x86_64 2020.3.4 NOTE
r-patched-solaris-x86 2020.3.4 302.20 NOTE
r-release-linux-x86_64 2020.3.4 10.09 156.61 166.70 NOTE
r-release-macos-x86_64 2020.3.4 OK
r-release-windows-ix86+x86_64 2020.3.4 17.00 182.00 199.00 OK
r-oldrel-macos-x86_64 2020.3.4 OK
r-oldrel-windows-ix86+x86_64 2020.3.4 13.00 163.00 176.00 OK

Check Details

Version: 2020.3.4
Check: package dependencies
Result: NOTE
    Package suggested but not available for checking: 'GreedyEPL'
Flavors: r-devel-linux-x86_64-debian-clang, r-devel-linux-x86_64-debian-gcc, r-devel-linux-x86_64-fedora-clang, r-devel-linux-x86_64-fedora-gcc, r-patched-linux-x86_64, r-patched-solaris-x86, r-release-linux-x86_64