CRAN Package Check Results for Package BLCOP

Last updated on 2021-12-09 07:50:06 CET.

Flavor Version Tinstall Tcheck Ttotal Status Flags
r-devel-linux-x86_64-debian-clang 0.3.3 11.87 113.07 124.94 OK
r-devel-linux-x86_64-debian-gcc 0.3.3 11.56 87.90 99.46 OK
r-devel-linux-x86_64-fedora-clang 0.3.3 165.81 NOTE
r-devel-linux-x86_64-fedora-gcc 0.3.3 159.03 NOTE
r-devel-windows-x86_64-new-UL 0.3.3 30.00 151.00 181.00 OK
r-devel-windows-x86_64-new-TK 0.3.3 NOTE
r-devel-windows-x86_64-old 0.3.3 23.00 137.00 160.00 OK
r-patched-linux-x86_64 0.3.3 13.60 110.00 123.60 OK
r-release-linux-x86_64 0.3.3 13.28 109.60 122.88 OK
r-release-macos-arm64 0.3.3 NOTE
r-release-macos-x86_64 0.3.3 NOTE
r-release-windows-ix86+x86_64 0.3.3 34.00 129.00 163.00 OK
r-oldrel-macos-x86_64 0.3.3 NOTE
r-oldrel-windows-ix86+x86_64 0.3.3 32.00 140.00 172.00 OK

Check Details

Version: 0.3.3
Check: dependencies in R code
Result: NOTE
    Namespaces in Imports field not imported from:
     ‘knitr’ ‘rmarkdown’
     All declared Imports should be used.
Flavors: r-devel-linux-x86_64-fedora-clang, r-devel-linux-x86_64-fedora-gcc, r-devel-windows-x86_64-new-TK, r-release-macos-arm64, r-release-macos-x86_64, r-oldrel-macos-x86_64