CRAN Package Check Results for Package BIOMASS

Last updated on 2021-03-02 15:47:56 CET.

Flavor Version Tinstall Tcheck Ttotal Status Flags
r-devel-linux-x86_64-debian-clang 2.1.4 WARN
r-devel-linux-x86_64-debian-gcc 2.1.4 11.08 104.07 115.15 WARN
r-devel-linux-x86_64-fedora-clang 2.1.4 200.81 NOTE
r-devel-linux-x86_64-fedora-gcc 2.1.4 196.82 OK
r-devel-windows-ix86+x86_64 2.1.4 18.00 107.00 125.00 OK --no-vignettes
r-patched-linux-x86_64 2.1.4 11.46 143.72 155.18 OK
r-patched-solaris-x86 2.1.4 267.20 OK
r-release-linux-x86_64 2.1.4 11.12 126.10 137.22 WARN
r-release-macos-x86_64 2.1.4 OK
r-release-windows-ix86+x86_64 2.1.4 40.00 157.00 197.00 OK --no-vignettes
r-oldrel-macos-x86_64 2.1.4 ERROR
r-oldrel-windows-ix86+x86_64 2.1.4 17.00 143.00 160.00 OK --no-vignettes

Check Details

Version: 2.1.4
Check: re-building of vignette outputs
Result: WARN
    Error(s) in re-building vignettes:
     ...
    --- re-building 'BIOMASS.Rmd' using rmarkdown
    Quitting from lines 54-57 (BIOMASS.Rmd)
    Error: processing vignette 'BIOMASS.Rmd' failed with diagnostics:
    lexical error: invalid char in json text.
     <!DOCTYPE html> <html lang="en"
     (right here) ------^
    
    --- failed re-building 'BIOMASS.Rmd'
    
    --- re-building 'plot.Rmd' using rmarkdown
    --- finished re-building 'plot.Rmd'
    
    SUMMARY: processing the following file failed:
     'BIOMASS.Rmd'
    
    Error: Vignette re-building failed.
    Execution halted
Flavors: r-devel-linux-x86_64-debian-clang, r-devel-linux-x86_64-debian-gcc, r-release-linux-x86_64

Version: 2.1.4
Check: Rd cross-references
Result: NOTE
    Undeclared package ‘lmfor’ in Rd xrefs
Flavor: r-devel-linux-x86_64-fedora-clang

Version: 2.1.4
Check: tests
Result: ERROR
     Running ‘testthat.R’ [21s/12s]
    Running the tests in ‘tests/testthat.R’ failed.
    Last 13 lines of output:
     Backtrace:
     █
     1. ├─testthat::expect_length(...) test_03_computeAGB.R:39:2
     2. │ └─testthat::quasi_label(enquo(object), arg = "object")
     3. │ └─rlang::eval_bare(expr, quo_get_env(quo))
     4. └─BIOMASS::computeAGB(D, WD$meanWD, coord = coord)
     5. └─BIOMASS::computeE(coord)
     6. ├─raster::raster(cacheManager("E"))
     7. └─raster::raster(cacheManager("E"))
     8. └─raster:::.local(x, ...)
     9. └─raster:::.rasterObjectFromFile(...)
    
     [ FAIL 20 | WARN 0 | SKIP 0 | PASS 404 ]
     Error: Test failures
     Execution halted
Flavor: r-oldrel-macos-x86_64

Version: 2.1.4
Check: re-building of vignette outputs
Result: WARN
    Error(s) in re-building vignettes:
     ...
    --- re-building ‘BIOMASS.Rmd’ using rmarkdown
    Warning in engine$weave(file, quiet = quiet, encoding = enc) :
     Pandoc (>= 1.12.3) and/or pandoc-citeproc not available. Falling back to R Markdown v1.
    Quitting from lines 54-57 (BIOMASS.Rmd)
    Error: processing vignette 'BIOMASS.Rmd' failed with diagnostics:
    lexical error: invalid char in json text.
     <!DOCTYPE html> <html lang="en"
     (right here) ------^
    
    --- failed re-building ‘BIOMASS.Rmd’
    
    --- re-building ‘plot.Rmd’ using rmarkdown
    Warning in engine$weave(file, quiet = quiet, encoding = enc) :
     Pandoc (>= 1.12.3) and/or pandoc-citeproc not available. Falling back to R Markdown v1.
    --- finished re-building ‘plot.Rmd’
    
    SUMMARY: processing the following file failed:
     ‘BIOMASS.Rmd’
    
    Error: Vignette re-building failed.
    Execution halted
Flavor: r-oldrel-macos-x86_64