CRAN Package Check Results for Package BIGL

Last updated on 2021-06-14 11:52:44 CEST.

Flavor Version Tinstall Tcheck Ttotal Status Flags
r-devel-linux-x86_64-debian-clang 1.6.2 10.71 305.77 316.48 OK
r-devel-linux-x86_64-debian-gcc 1.6.2 8.46 210.16 218.62 OK
r-devel-linux-x86_64-fedora-clang 1.6.2 368.19 OK
r-devel-linux-x86_64-fedora-gcc 1.6.2 364.45 OK
r-devel-windows-x86_64 1.6.2 17.00 351.00 368.00 OK
r-devel-windows-x86_64-gcc10-UCRT 1.6.2 OK
r-patched-linux-x86_64 1.6.2 11.39 289.30 300.69 OK
r-patched-solaris-x86 1.6.2 327.80 WARN
r-release-linux-x86_64 1.6.2 9.28 287.62 296.90 OK
r-release-macos-arm64 1.6.2 WARN
r-release-macos-x86_64 1.6.2 WARN
r-release-windows-ix86+x86_64 1.6.2 25.00 347.00 372.00 OK
r-oldrel-macos-x86_64 1.6.2 WARN
r-oldrel-windows-ix86+x86_64 1.6.2 25.00 362.00 387.00 OK

Check Details

Version: 1.6.2
Check: re-building of vignette outputs
Result: WARN
    Error(s) in re-building vignettes:
     ...
    --- re-building ‘analysis.Rmd’ using rmarkdown
    Warning in engine$weave(file, quiet = quiet, encoding = enc) :
     Pandoc (>= 1.12.3) not available. Falling back to R Markdown v1.
    Quitting from lines 244-247 (analysis.Rmd)
    Error: processing vignette 'analysis.Rmd' failed with diagnostics:
    invalid 'path' argument
    --- failed re-building ‘analysis.Rmd’
    
    --- re-building ‘methodology.Rmd’ using rmarkdown
    Warning in engine$weave(file, quiet = quiet, encoding = enc) :
     Pandoc (>= 1.12.3) not available. Falling back to R Markdown v1.
    --- finished re-building ‘methodology.Rmd’
    
    SUMMARY: processing the following file failed:
     ‘analysis.Rmd’
    
    Error: Vignette re-building failed.
    Execution halted
Flavors: r-patched-solaris-x86, r-release-macos-arm64, r-release-macos-x86_64

Version: 1.6.2
Check: re-building of vignette outputs
Result: WARN
    Error(s) in re-building vignettes:
     ...
    --- re-building ‘analysis.Rmd’ using rmarkdown
    Warning in engine$weave(file, quiet = quiet, encoding = enc) :
     Pandoc (>= 1.12.3) and/or pandoc-citeproc not available. Falling back to R Markdown v1.
    Quitting from lines 244-247 (analysis.Rmd)
    Error: processing vignette 'analysis.Rmd' failed with diagnostics:
    invalid 'path' argument
    --- failed re-building ‘analysis.Rmd’
    
    --- re-building ‘methodology.Rmd’ using rmarkdown
    Warning in engine$weave(file, quiet = quiet, encoding = enc) :
     Pandoc (>= 1.12.3) and/or pandoc-citeproc not available. Falling back to R Markdown v1.
    --- finished re-building ‘methodology.Rmd’
    
    SUMMARY: processing the following file failed:
     ‘analysis.Rmd’
    
    Error: Vignette re-building failed.
    Execution halted
Flavor: r-oldrel-macos-x86_64