CRAN Package Check Results for Package BH

Last updated on 2021-05-10 23:48:17 CEST.

Flavor Version Tinstall Tcheck Ttotal Status Flags
r-devel-linux-x86_64-debian-clang 1.75.0-0 27.70 43.98 71.68 OK
r-devel-linux-x86_64-debian-gcc 1.75.0-0 21.54 34.91 56.45 OK
r-devel-linux-x86_64-fedora-clang 1.75.0-0 68.06 NOTE
r-devel-linux-x86_64-fedora-gcc 1.75.0-0 58.87 OK
r-devel-windows-ix86+x86_64 1.75.0-0 66.00 90.00 156.00 NOTE
r-devel-windows-x86_64-gcc10-UCRT 1.75.0-0 OK
r-patched-linux-x86_64 1.75.0-0 27.81 43.16 70.97 OK
r-patched-solaris-x86 1.75.0-0 179.40 NOTE
r-release-linux-x86_64 1.75.0-0 25.20 43.53 68.73 OK
r-release-macos-x86_64 1.75.0-0 NOTE
r-release-windows-ix86+x86_64 1.75.0-0 78.00 50.00 128.00 NOTE
r-oldrel-macos-x86_64 1.75.0-0 NOTE
r-oldrel-windows-ix86+x86_64 1.75.0-0 73.00 36.00 109.00 NOTE

Check Details

Version: 1.75.0-0
Check: installed package size
Result: NOTE
     installed size is 146.8Mb
     sub-directories of 1Mb or more:
     include 146.7Mb
Flavors: r-devel-linux-x86_64-fedora-clang, r-devel-windows-ix86+x86_64, r-patched-solaris-x86, r-release-macos-x86_64, r-release-windows-ix86+x86_64, r-oldrel-macos-x86_64, r-oldrel-windows-ix86+x86_64