CRAN Package Check Results for Package BGGM

Last updated on 2021-04-14 19:46:59 CEST.

Flavor Version Tinstall Tcheck Ttotal Status Flags
r-devel-linux-x86_64-debian-clang 2.0.3 95.00 232.54 327.54 OK
r-devel-linux-x86_64-debian-gcc 2.0.3 60.45 174.42 234.87 OK
r-devel-linux-x86_64-fedora-clang 2.0.3 404.72 NOTE
r-devel-linux-x86_64-fedora-gcc 2.0.3 387.07 OK
r-devel-windows-ix86+x86_64 2.0.3 186.00 359.00 545.00 NOTE
r-devel-windows-x86_64-gcc10-UCRT 2.0.3 OK
r-patched-linux-x86_64 2.0.3 70.95 217.44 288.39 OK
r-patched-solaris-x86 2.0.3 493.30 NOTE
r-release-linux-x86_64 2.0.3 75.12 214.93 290.05 OK
r-release-macos-x86_64 2.0.3 NOTE
r-release-windows-ix86+x86_64 2.0.3 173.00 370.00 543.00 NOTE
r-oldrel-macos-x86_64 2.0.3 NOTE
r-oldrel-windows-ix86+x86_64 2.0.3 112.00 243.00 355.00 NOTE

Check Details

Version: 2.0.3
Check: installed package size
Result: NOTE
     installed size is 12.2Mb
     sub-directories of 1Mb or more:
     doc 3.3Mb
     help 1.1Mb
     libs 7.0Mb
Flavors: r-devel-linux-x86_64-fedora-clang, r-devel-windows-ix86+x86_64, r-patched-solaris-x86, r-release-macos-x86_64, r-release-windows-ix86+x86_64, r-oldrel-macos-x86_64, r-oldrel-windows-ix86+x86_64