CRAN Package Check Results for Package BGGE

Last updated on 2024-05-22 15:54:30 CEST.

Flavor Version Tinstall Tcheck Ttotal Status Flags
r-devel-linux-x86_64-debian-clang 0.6.5 2.29 30.80 33.09 NOTE
r-devel-linux-x86_64-debian-gcc 0.6.5 1.91 25.25 27.16 NOTE
r-devel-linux-x86_64-fedora-clang 0.6.5 42.41 NOTE
r-devel-linux-x86_64-fedora-gcc 0.6.5 43.39 NOTE
r-devel-windows-x86_64 0.6.5 4.00 45.00 49.00 NOTE
r-patched-linux-x86_64 0.6.5 2.27 31.37 33.64 NOTE
r-release-linux-x86_64 0.6.5 2.36 30.88 33.24 NOTE
r-release-macos-arm64 0.6.5 17.00 NOTE
r-release-windows-x86_64 0.6.5 3.00 45.00 48.00 NOTE
r-oldrel-macos-arm64 0.6.5 18.00 NOTE
r-oldrel-macos-x86_64 0.6.5 27.00 NOTE
r-oldrel-windows-x86_64 0.6.5 3.00 48.00 51.00 NOTE

Check Details

Version: 0.6.5
Check: LazyData
Result: NOTE 'LazyData' is specified without a 'data' directory Flavors: r-devel-linux-x86_64-debian-clang, r-devel-linux-x86_64-debian-gcc, r-devel-linux-x86_64-fedora-clang, r-devel-linux-x86_64-fedora-gcc, r-devel-windows-x86_64, r-patched-linux-x86_64, r-release-linux-x86_64, r-release-macos-arm64, r-release-windows-x86_64, r-oldrel-macos-arm64, r-oldrel-macos-x86_64, r-oldrel-windows-x86_64