CRAN Package Check Results for Package BEACH

Last updated on 2024-06-13 12:49:25 CEST.

Flavor Version Tinstall Tcheck Ttotal Status Flags
r-devel-linux-x86_64-debian-clang 1.3.1 10.24 85.73 95.97 OK
r-devel-linux-x86_64-debian-gcc 1.3.1 0.42 1.59 2.01 ERROR
r-devel-linux-x86_64-fedora-clang 1.3.1 120.37 OK
r-devel-linux-x86_64-fedora-gcc 1.3.1 110.63 OK
r-devel-windows-x86_64 1.3.1 10.00 74.00 84.00 OK
r-patched-linux-x86_64 1.3.1 6.56 82.21 88.77 OK
r-release-linux-x86_64 1.3.1 5.89 81.41 87.30 OK
r-release-macos-arm64 1.3.1 34.00 OK
r-release-macos-x86_64 1.3.1 56.00 OK
r-release-windows-x86_64 1.3.1 9.00 81.00 90.00 OK
r-oldrel-macos-arm64 1.3.1 37.00 OK
r-oldrel-macos-x86_64 1.3.1 50.00 OK
r-oldrel-windows-x86_64 1.3.1 13.00 87.00 100.00 OK

Check Details

Version: 1.3.1
Check: package dependencies
Result: ERROR Packages required but not available: 'haven', 'devtools' See section ‘The DESCRIPTION file’ in the ‘Writing R Extensions’ manual. Flavor: r-devel-linux-x86_64-debian-gcc