CRAN Package Check Results for Package BCT

Last updated on 2021-09-21 15:50:38 CEST.

Flavor Version Tinstall Tcheck Ttotal Status Flags
r-devel-linux-x86_64-debian-clang 1.1 33.11 31.99 65.10 OK
r-devel-linux-x86_64-debian-gcc 1.1 21.81 24.78 46.59 OK
r-devel-linux-x86_64-fedora-clang 1.1 91.80 OK
r-devel-linux-x86_64-fedora-gcc 1.1 77.22 OK
r-devel-windows-x86_64 1.1 23.00 48.00 71.00 OK
r-devel-windows-x86_64-gcc10-UCRT 1.1 ERROR
r-patched-linux-x86_64 1.1 25.90 30.74 56.64 OK
r-patched-solaris-x86 1.1 92.10 OK
r-release-linux-x86_64 1.1 25.28 31.01 56.29 OK
r-release-macos-arm64 1.1 OK
r-release-macos-x86_64 1.1 OK
r-release-windows-ix86+x86_64 1.1 65.00 82.00 147.00 OK
r-oldrel-macos-x86_64 1.1 OK
r-oldrel-windows-ix86+x86_64 1.1 64.00 64.00 128.00 OK

Check Details

Version: 1.1
Check: whether package can be installed
Result: ERROR
    Installation failed.
Flavor: r-devel-windows-x86_64-gcc10-UCRT