CRAN Package Check Results for Package BCClong

Last updated on 2024-06-25 05:00:51 CEST.

Flavor Version Tinstall Tcheck Ttotal Status Flags
r-devel-linux-x86_64-debian-clang 1.0.2 116.14 257.92 374.06 OK
r-devel-linux-x86_64-debian-gcc 1.0.2 78.02 184.95 262.97 OK
r-devel-linux-x86_64-fedora-clang 1.0.3 534.78 NOTE
r-devel-linux-x86_64-fedora-gcc 1.0.3 521.55 OK
r-devel-windows-x86_64 1.0.2 82.00 207.00 289.00 NOTE
r-patched-linux-x86_64 1.0.2 85.68 238.34 324.02 OK
r-release-linux-x86_64 1.0.2 86.63 244.37 331.00 OK
r-release-macos-arm64 1.0.3 5.00 ERROR
r-release-macos-x86_64 1.0.3 8.00 ERROR
r-release-windows-x86_64 1.0.3 75.00 240.00 315.00 NOTE
r-oldrel-macos-arm64 1.0.3 11.00 ERROR
r-oldrel-macos-x86_64 1.0.3 11.00 ERROR
r-oldrel-windows-x86_64 1.0.2 105.00 247.00 352.00 NOTE

Check Details

Version: 1.0.3
Check: installed package size
Result: NOTE installed size is 5.2Mb sub-directories of 1Mb or more: data 3.3Mb doc 1.2Mb Flavors: r-devel-linux-x86_64-fedora-clang, r-release-windows-x86_64

Version: 1.0.2
Check: installed package size
Result: NOTE installed size is 5.9Mb sub-directories of 1Mb or more: doc 1.2Mb extdata 3.3Mb libs 1.4Mb Flavors: r-devel-windows-x86_64, r-oldrel-windows-x86_64

Version: 1.0.3
Check: package dependencies
Result: ERROR Package required but not available: ‘mixAK’ See section ‘The DESCRIPTION file’ in the ‘Writing R Extensions’ manual. Flavors: r-release-macos-arm64, r-release-macos-x86_64, r-oldrel-macos-arm64, r-oldrel-macos-x86_64