Last updated on 2021-02-26 11:50:46 CET.
Flavor | Version | Tinstall | Tcheck | Ttotal | Status | Flags |
---|---|---|---|---|---|---|
r-devel-linux-x86_64-debian-clang | 1.1.1 | 10.50 | 88.88 | 99.38 | OK | |
r-devel-linux-x86_64-debian-gcc | 1.1.1 | 7.70 | 66.36 | 74.06 | OK | |
r-devel-linux-x86_64-fedora-clang | 1.1.1 | 125.48 | NOTE | |||
r-devel-linux-x86_64-fedora-gcc | 1.1.1 | 113.28 | NOTE | |||
r-devel-windows-ix86+x86_64 | 1.1.1 | 17.00 | 84.00 | 101.00 | OK | |
r-patched-linux-x86_64 | 1.1.1 | 10.76 | 83.69 | 94.45 | OK | |
r-patched-solaris-x86 | 1.1.1 | 176.20 | NOTE | |||
r-release-linux-x86_64 | 1.1.1 | 9.38 | 82.05 | 91.43 | OK | |
r-release-macos-x86_64 | 1.1.1 | NOTE | ||||
r-release-windows-ix86+x86_64 | 1.1.1 | 27.00 | 111.00 | 138.00 | OK | |
r-oldrel-macos-x86_64 | 1.1.1 | NOTE | ||||
r-oldrel-windows-ix86+x86_64 | 1.1.1 | 15.00 | 86.00 | 101.00 | OK |
Version: 1.1.1
Check: dependencies in R code
Result: NOTE
Namespace in Imports field not imported from: ‘rstudioapi’
All declared Imports should be used.
Flavors: r-devel-linux-x86_64-fedora-clang, r-devel-linux-x86_64-fedora-gcc, r-patched-solaris-x86, r-release-macos-x86_64, r-oldrel-macos-x86_64