Last updated on 2021-03-04 15:49:12 CET.
Flavor | Version | Tinstall | Tcheck | Ttotal | Status | Flags |
---|---|---|---|---|---|---|
r-devel-linux-x86_64-debian-clang | 2.0 | 1.94 | 32.63 | 34.57 | NOTE | |
r-devel-linux-x86_64-debian-gcc | 2.0 | 1.69 | 24.78 | 26.47 | NOTE | |
r-devel-linux-x86_64-fedora-clang | 2.0 | 51.50 | NOTE | |||
r-devel-linux-x86_64-fedora-gcc | 2.0 | 41.59 | NOTE | |||
r-devel-windows-ix86+x86_64 | 2.0 | 4.00 | 47.00 | 51.00 | NOTE | |
r-patched-linux-x86_64 | 2.0 | 1.98 | 31.75 | 33.73 | NOTE | |
r-patched-solaris-x86 | 2.0 | 62.50 | NOTE | |||
r-release-linux-x86_64 | 2.0 | 2.31 | 31.76 | 34.07 | NOTE | |
r-release-macos-x86_64 | 2.0 | NOTE | ||||
r-release-windows-ix86+x86_64 | 2.0 | 5.00 | 47.00 | 52.00 | NOTE | |
r-oldrel-macos-x86_64 | 2.0 | NOTE | ||||
r-oldrel-windows-ix86+x86_64 | 2.0 | 19.00 | 55.00 | 74.00 | NOTE |
Version: 2.0
Check: R code for possible problems
Result: NOTE
BACprior.CV: no visible global function definition for 'na.fail'
BACprior.CV: no visible global function definition for 'abline'
BACprior.boot: no visible global function definition for 'na.fail'
BACprior.boot: no visible global function definition for 'abline'
BACprior.lm: no visible global function definition for 'na.fail'
BACprior.lm: no visible global function definition for 'coef'
BACprior.lm: no visible global function definition for 'vcov'
Undefined global functions or variables:
abline coef na.fail vcov
Consider adding
importFrom("graphics", "abline")
importFrom("stats", "coef", "na.fail", "vcov")
to your NAMESPACE file.
Flavors: r-devel-linux-x86_64-debian-clang, r-devel-linux-x86_64-debian-gcc, r-devel-linux-x86_64-fedora-clang, r-devel-linux-x86_64-fedora-gcc, r-devel-windows-ix86+x86_64, r-patched-linux-x86_64, r-patched-solaris-x86, r-release-linux-x86_64, r-release-macos-x86_64, r-release-windows-ix86+x86_64
Version: 2.0
Check: R code for possible problems
Result: NOTE
BACprior.CV: no visible global function definition for ‘na.fail’
BACprior.CV: no visible global function definition for ‘plot’
BACprior.CV: no visible global function definition for ‘abline’
BACprior.boot: no visible global function definition for ‘na.fail’
BACprior.boot: no visible global function definition for ‘plot’
BACprior.boot: no visible global function definition for ‘abline’
BACprior.lm: no visible global function definition for ‘na.fail’
BACprior.lm: no visible global function definition for ‘coef’
BACprior.lm: no visible global function definition for ‘vcov’
Undefined global functions or variables:
abline coef na.fail plot vcov
Consider adding
importFrom("graphics", "abline", "plot")
importFrom("stats", "coef", "na.fail", "vcov")
to your NAMESPACE file.
Flavors: r-oldrel-macos-x86_64, r-oldrel-windows-ix86+x86_64