CRAN Package Check Results for Package AzureVMmetadata

Last updated on 2021-09-21 07:49:54 CEST.

Flavor Version Tinstall Tcheck Ttotal Status Flags
r-devel-linux-x86_64-debian-clang 1.0.1 1.92 23.12 25.04 OK
r-devel-linux-x86_64-debian-gcc 1.0.1 1.59 18.20 19.79 OK
r-devel-linux-x86_64-fedora-clang 1.0.1 38.69 OK
r-devel-linux-x86_64-fedora-gcc 1.0.1 28.59 OK
r-devel-windows-x86_64 1.0.1 43.00 410.00 453.00 OK
r-devel-windows-x86_64-gcc10-UCRT 1.0.1 ERROR
r-patched-linux-x86_64 1.0.1 1.89 22.56 24.45 OK
r-patched-solaris-x86 1.0.1 46.40 OK
r-release-linux-x86_64 1.0.1 1.54 22.26 23.80 OK
r-release-macos-arm64 1.0.1 OK
r-release-macos-x86_64 1.0.1 OK
r-release-windows-ix86+x86_64 1.0.1 85.00 418.00 503.00 OK
r-oldrel-macos-x86_64 1.0.1 OK
r-oldrel-windows-ix86+x86_64 1.0.1 85.00 419.00 504.00 OK

Check Details

Version: 1.0.1
Check: whether package can be installed
Result: WARN
    Found the following significant warnings:
     WARNING: installation-time patches will not be applied, could not get the patches index
Flavor: r-devel-windows-x86_64-gcc10-UCRT

Version: 1.0.1
Check: PDF version of manual
Result: WARN
    LaTeX errors when creating PDF version.
    This typically indicates Rd problems.
Flavor: r-devel-windows-x86_64-gcc10-UCRT

Version: 1.0.1
Check: PDF version of manual without hyperrefs or index
Result: ERROR
    Re-running with no redirection of stdout/stderr.
Flavor: r-devel-windows-x86_64-gcc10-UCRT