CRAN Package Check Results for Package AzureGraph

Last updated on 2021-12-08 19:51:23 CET.

Flavor Version Tinstall Tcheck Ttotal Status Flags
r-devel-linux-x86_64-debian-clang 1.3.2 10.97 39.43 50.40 OK
r-devel-linux-x86_64-debian-gcc 1.3.2 8.17 31.59 39.76 OK
r-devel-linux-x86_64-fedora-clang 1.3.2 69.38 NOTE
r-devel-linux-x86_64-fedora-gcc 1.3.2 59.25 NOTE
r-devel-windows-x86_64-new-UL 1.3.2 22.00 81.00 103.00 OK
r-devel-windows-x86_64-new-TK 1.3.2 NOTE
r-devel-windows-x86_64-old 1.3.2 17.00 58.00 75.00 OK
r-patched-linux-x86_64 1.3.2 15.17 40.29 55.46 OK
r-release-linux-x86_64 1.3.2 9.53 40.18 49.71 OK
r-release-macos-arm64 1.3.2 NOTE
r-release-macos-x86_64 1.3.2 NOTE
r-release-windows-ix86+x86_64 1.3.2 14.00 51.00 65.00 OK
r-oldrel-macos-x86_64 1.3.2 NOTE
r-oldrel-windows-ix86+x86_64 1.3.2 22.00 58.00 80.00 OK

Check Details

Version: 1.3.2
Check: dependencies in R code
Result: NOTE
    Namespace in Imports field not imported from: ‘curl’
     All declared Imports should be used.
Flavors: r-devel-linux-x86_64-fedora-clang, r-devel-linux-x86_64-fedora-gcc, r-devel-windows-x86_64-new-TK, r-release-macos-arm64, r-release-macos-x86_64, r-oldrel-macos-x86_64