CRAN Package Check Results for Package AvInertia

Last updated on 2021-12-09 03:59:23 CET.

Flavor Version Tinstall Tcheck Ttotal Status Flags
r-devel-linux-x86_64-debian-clang 0.0.1 4.06 143.82 147.88 OK
r-devel-linux-x86_64-debian-gcc 0.0.1 3.83 101.02 104.85 OK
r-devel-linux-x86_64-fedora-clang 0.0.1 181.02 NOTE
r-devel-linux-x86_64-fedora-gcc 0.0.1 181.87 NOTE
r-devel-windows-x86_64-new-UL 0.0.1 13.00 177.00 190.00 OK
r-devel-windows-x86_64-new-TK 0.0.1 NOTE
r-devel-windows-x86_64-old 0.0.1 8.00 169.00 177.00 OK
r-patched-linux-x86_64 0.0.1 4.98 136.58 141.56 OK
r-release-linux-x86_64 0.0.1 4.22 135.72 139.94 OK
r-release-macos-arm64 0.0.1 NOTE
r-release-macos-x86_64 0.0.1 NOTE
r-release-windows-ix86+x86_64 0.0.1 8.00 159.00 167.00 OK
r-oldrel-macos-x86_64 0.0.1 NOTE
r-oldrel-windows-ix86+x86_64 0.0.1 10.00 165.00 175.00 OK

Check Details

Version: 0.0.1
Check: dependencies in R code
Result: NOTE
    Namespaces in Imports field not imported from:
     ‘readxl’ ‘reshape2’ ‘stringr’ ‘tidyr’
     All declared Imports should be used.
Flavors: r-devel-linux-x86_64-fedora-clang, r-devel-linux-x86_64-fedora-gcc, r-devel-windows-x86_64-new-TK, r-release-macos-arm64, r-release-macos-x86_64, r-oldrel-macos-x86_64