CRAN Package Check Results for Package ArchaeoChron

Last updated on 2021-06-15 23:51:08 CEST.

Flavor Version Tinstall Tcheck Ttotal Status Flags
r-devel-linux-x86_64-debian-clang 0.1 7.24 105.67 112.91 OK
r-devel-linux-x86_64-debian-gcc 0.1 6.49 79.97 86.46 OK
r-devel-linux-x86_64-fedora-clang 0.1 144.04 OK
r-devel-linux-x86_64-fedora-gcc 0.1 134.30 OK
r-devel-windows-x86_64 0.1 13.00 138.00 151.00 OK
r-devel-windows-x86_64-gcc10-UCRT 0.1 OK
r-patched-linux-x86_64 0.1 6.83 101.83 108.66 OK
r-patched-solaris-x86 0.1 272.90 OK
r-release-linux-x86_64 0.1 7.15 101.43 108.58 OK
r-release-macos-arm64 0.1 ERROR
r-release-macos-x86_64 0.1 OK
r-release-windows-ix86+x86_64 0.1 20.00 152.00 172.00 OK
r-oldrel-macos-x86_64 0.1 OK
r-oldrel-windows-ix86+x86_64 0.1 22.00 144.00 166.00 OK

Check Details

Version: 0.1
Check: package dependencies
Result: ERROR
    Package required but not available: ‘rjags’
    
    See section ‘The DESCRIPTION file’ in the ‘Writing R Extensions’
    manual.
Flavor: r-release-macos-arm64