Last updated on 2021-01-17 11:49:15 CET.
Flavor | Version | Tinstall | Tcheck | Ttotal | Status | Flags |
---|---|---|---|---|---|---|
r-devel-linux-x86_64-debian-clang | 0.95 | 2.44 | 22.69 | 25.13 | NOTE | |
r-devel-linux-x86_64-debian-gcc | 0.95 | 1.94 | 18.19 | 20.13 | NOTE | |
r-devel-linux-x86_64-fedora-clang | 0.95 | 41.67 | NOTE | |||
r-devel-linux-x86_64-fedora-gcc | 0.95 | 32.24 | NOTE | |||
r-devel-windows-ix86+x86_64 | 0.95 | 4.00 | 26.00 | 30.00 | NOTE | |
r-patched-linux-x86_64 | 0.95 | 2.48 | 21.77 | 24.25 | NOTE | |
r-patched-solaris-x86 | 0.95 | 45.90 | NOTE | |||
r-release-linux-x86_64 | 0.95 | 2.12 | 21.77 | 23.89 | NOTE | |
r-release-macos-x86_64 | 0.95 | NOTE | ||||
r-release-windows-ix86+x86_64 | 0.95 | 4.00 | 34.00 | 38.00 | NOTE | |
r-oldrel-macos-x86_64 | 0.95 | NOTE | ||||
r-oldrel-windows-ix86+x86_64 | 0.95 | 5.00 | 37.00 | 42.00 | NOTE |
Version: 0.95
Check: DESCRIPTION meta-information
Result: NOTE
Malformed Title field: should not end in a period.
Flavors: r-devel-linux-x86_64-debian-clang, r-devel-linux-x86_64-debian-gcc, r-devel-linux-x86_64-fedora-clang, r-devel-linux-x86_64-fedora-gcc, r-devel-windows-ix86+x86_64, r-patched-linux-x86_64, r-patched-solaris-x86, r-release-linux-x86_64, r-release-macos-x86_64, r-release-windows-ix86+x86_64, r-oldrel-macos-x86_64, r-oldrel-windows-ix86+x86_64