CRAN Package Check Results for Package Amelia

Last updated on 2021-07-25 23:55:07 CEST.

Flavor Version Tinstall Tcheck Ttotal Status Flags
r-devel-linux-x86_64-debian-clang 1.8.0 41.96 79.08 121.04 OK
r-devel-linux-x86_64-debian-gcc 1.8.0 30.36 60.47 90.83 OK
r-devel-linux-x86_64-fedora-clang 1.8.0 160.52 NOTE
r-devel-linux-x86_64-fedora-gcc 1.8.0 153.76 OK
r-devel-windows-x86_64 1.8.0 52.00 118.00 170.00 OK
r-devel-windows-x86_64-gcc10-UCRT 1.8.0 OK
r-patched-linux-x86_64 1.8.0 36.43 74.87 111.30 OK
r-patched-solaris-x86 1.8.0 164.30 OK
r-release-linux-x86_64 1.8.0 31.67 77.65 109.32 OK
r-release-macos-arm64 1.8.0 NOTE
r-release-macos-x86_64 1.8.0 NOTE
r-release-windows-ix86+x86_64 1.8.0 91.00 123.00 214.00 OK
r-oldrel-macos-x86_64 1.8.0 NOTE
r-oldrel-windows-ix86+x86_64 1.8.0 67.00 125.00 192.00 OK

Check Details

Version: 1.8.0
Check: installed package size
Result: NOTE
     installed size is 5.1Mb
     sub-directories of 1Mb or more:
     doc 1.4Mb
     libs 3.0Mb
Flavors: r-devel-linux-x86_64-fedora-clang, r-release-macos-arm64, r-release-macos-x86_64, r-oldrel-macos-x86_64