CRAN Package Check Results for Package AlphaPart

Last updated on 2024-06-13 00:55:06 CEST.

Flavor Version Tinstall Tcheck Ttotal Status Flags
r-devel-linux-x86_64-debian-clang 0.9.8 37.53 132.36 169.89 OK
r-devel-linux-x86_64-debian-gcc 0.9.8 0.43 1.72 2.15 ERROR
r-devel-linux-x86_64-fedora-clang 0.9.8 214.16 OK
r-devel-linux-x86_64-fedora-gcc 0.9.8 212.54 OK
r-devel-windows-x86_64 0.9.8 30.00 126.00 156.00 OK
r-patched-linux-x86_64 0.9.8 27.19 125.84 153.03 OK
r-release-linux-x86_64 0.9.8 29.23 120.88 150.11 OK
r-release-macos-arm64 0.9.8 61.00 OK
r-release-macos-x86_64 0.9.8 91.00 OK
r-release-windows-x86_64 0.9.8 30.00 135.00 165.00 OK
r-oldrel-macos-arm64 0.9.8 68.00 OK
r-oldrel-macos-x86_64 0.9.8 108.00 OK
r-oldrel-windows-x86_64 0.9.8 37.00 154.00 191.00 OK

Check Details

Version: 0.9.8
Check: package dependencies
Result: ERROR Packages required but not available: 'ggplot2', 'dplyr', 'tibble' Packages suggested but not available for checking: 'testthat', 'ggridges' See section ‘The DESCRIPTION file’ in the ‘Writing R Extensions’ manual. Flavor: r-devel-linux-x86_64-debian-gcc