Last updated on 2023-02-09 03:56:01 CET.
Flavor | Version | Tinstall | Tcheck | Ttotal | Status | Flags |
---|---|---|---|---|---|---|
r-devel-linux-x86_64-debian-clang | 1.2.1 | 13.74 | 41.72 | 55.46 | OK | |
r-devel-linux-x86_64-debian-gcc | 1.2.1 | 6.33 | 33.21 | 39.54 | OK | |
r-devel-linux-x86_64-fedora-clang | 1.2.1 | 70.22 | NOTE | |||
r-devel-linux-x86_64-fedora-gcc | 1.2.1 | 76.79 | NOTE | |||
r-devel-windows-x86_64 | 1.2.1 | 34.00 | 84.00 | 118.00 | OK | |
r-patched-linux-x86_64 | 1.2.1 | 8.13 | 41.84 | 49.97 | OK | |
r-release-linux-x86_64 | 1.2.1 | 6.80 | 41.10 | 47.90 | OK | |
r-release-macos-arm64 | 1.2.1 | 29.00 | OK | |||
r-release-macos-x86_64 | 1.2.1 | 42.00 | OK | |||
r-release-windows-x86_64 | 1.2.1 | 36.00 | 78.00 | 114.00 | OK | |
r-oldrel-macos-arm64 | 1.2.1 | 27.00 | OK | |||
r-oldrel-macos-x86_64 | 1.2.1 | 43.00 | OK | |||
r-oldrel-windows-ix86+x86_64 | 1.2.1 | 23.00 | 67.00 | 90.00 | OK |
Version: 1.2.1
Check: compiled code
Result: NOTE
File ‘AlgDesign/libs/AlgDesign.so’:
Found no calls to: ‘R_registerRoutines’, ‘R_useDynamicSymbols’
It is good practice to register native routines and to disable symbol
search.
See ‘Writing portable packages’ in the ‘Writing R Extensions’ manual.
Flavors: r-devel-linux-x86_64-fedora-clang, r-devel-linux-x86_64-fedora-gcc