CRAN Package Check Results for Package AhoCorasickTrie

Last updated on 2021-09-21 07:49:52 CEST.

Flavor Version Tinstall Tcheck Ttotal Status Flags
r-devel-linux-x86_64-debian-clang 0.1.2 23.94 43.11 67.05 NOTE
r-devel-linux-x86_64-debian-gcc 0.1.2 15.59 33.65 49.24 NOTE
r-devel-linux-x86_64-fedora-clang 0.1.2 95.20 NOTE
r-devel-linux-x86_64-fedora-gcc 0.1.2 88.72 NOTE
r-devel-windows-x86_64 0.1.2 27.00 57.00 84.00 NOTE
r-devel-windows-x86_64-gcc10-UCRT 0.1.2 ERROR
r-patched-linux-x86_64 0.1.2 20.72 42.61 63.33 NOTE
r-patched-solaris-x86 0.1.2 104.80 NOTE
r-release-linux-x86_64 0.1.2 20.70 40.77 61.47 NOTE
r-release-macos-arm64 0.1.2 NOTE
r-release-macos-x86_64 0.1.2 NOTE
r-release-windows-ix86+x86_64 0.1.2 54.00 109.00 163.00 NOTE
r-oldrel-macos-x86_64 0.1.2 OK
r-oldrel-windows-ix86+x86_64 0.1.2 55.00 86.00 141.00 OK

Check Details

Version: 0.1.2
Check: LazyData
Result: NOTE
     'LazyData' is specified without a 'data' directory
Flavors: r-devel-linux-x86_64-debian-clang, r-devel-linux-x86_64-debian-gcc, r-devel-linux-x86_64-fedora-clang, r-devel-linux-x86_64-fedora-gcc, r-devel-windows-x86_64, r-patched-linux-x86_64, r-patched-solaris-x86, r-release-linux-x86_64, r-release-macos-arm64, r-release-macos-x86_64, r-release-windows-ix86+x86_64

Version: 0.1.2
Check: whether package can be installed
Result: ERROR
    Installation failed.
Flavor: r-devel-windows-x86_64-gcc10-UCRT