CRAN Package Check Results for Package AggregateR

Last updated on 2024-06-22 19:57:59 CEST.

Flavor Version Tinstall Tcheck Ttotal Status Flags
r-devel-linux-x86_64-debian-clang 0.1.1 5.47 44.78 50.25 NOTE
r-devel-linux-x86_64-debian-gcc 0.1.1 3.68 33.72 37.40 NOTE
r-devel-linux-x86_64-fedora-clang 0.1.1 61.47 NOTE
r-devel-linux-x86_64-fedora-gcc 0.1.1 56.20 NOTE
r-devel-windows-x86_64 0.1.1 5.00 58.00 63.00 NOTE
r-patched-linux-x86_64 0.1.1 4.59 41.37 45.96 NOTE
r-release-linux-x86_64 0.1.1 3.66 41.80 45.46 NOTE
r-release-macos-arm64 0.1.1 23.00 NOTE
r-release-macos-x86_64 0.1.1 34.00 NOTE
r-release-windows-x86_64 0.1.1 5.00 60.00 65.00 NOTE
r-oldrel-macos-arm64 0.1.1 23.00 NOTE
r-oldrel-macos-x86_64 0.1.1 33.00 NOTE
r-oldrel-windows-x86_64 0.1.1 6.00 62.00 68.00 NOTE

Check Details

Version: 0.1.1
Check: LazyData
Result: NOTE 'LazyData' is specified without a 'data' directory Flavors: r-devel-linux-x86_64-debian-clang, r-devel-linux-x86_64-debian-gcc, r-devel-linux-x86_64-fedora-clang, r-devel-linux-x86_64-fedora-gcc, r-devel-windows-x86_64, r-patched-linux-x86_64, r-release-linux-x86_64, r-release-macos-arm64, r-release-macos-x86_64, r-release-windows-x86_64, r-oldrel-macos-arm64, r-oldrel-macos-x86_64, r-oldrel-windows-x86_64