CRAN Package Check Results for Package AWR.KMS

Last updated on 2021-06-16 19:49:39 CEST.

Flavor Version Tinstall Tcheck Ttotal Status Flags
r-devel-linux-x86_64-debian-clang 0.1 3.68 34.81 38.49 OK
r-devel-linux-x86_64-debian-gcc 0.1 2.81 27.35 30.16 OK
r-devel-linux-x86_64-fedora-clang 0.1 56.76 OK
r-devel-linux-x86_64-fedora-gcc 0.1 47.01 OK
r-devel-windows-x86_64 0.1 6.00 54.00 60.00 OK
r-devel-windows-x86_64-gcc10-UCRT 0.1 OK
r-patched-linux-x86_64 0.1 3.13 33.46 36.59 OK
r-patched-solaris-x86 0.1 67.30 OK
r-release-linux-x86_64 0.1 3.62 33.71 37.33 OK
r-release-macos-arm64 0.1 ERROR
r-release-macos-x86_64 0.1 OK
r-release-windows-ix86+x86_64 0.1 10.00 52.00 62.00 OK
r-oldrel-macos-x86_64 0.1 OK
r-oldrel-windows-ix86+x86_64 0.1 7.00 48.00 55.00 OK

Check Details

Version: 0.1
Check: whether package can be installed
Result: ERROR
    Installation failed.
Flavor: r-release-macos-arm64