CRAN Package Check Results for Package ASSOCShiny

Last updated on 2021-02-24 19:48:01 CET.

Flavor Version Tinstall Tcheck Ttotal Status Flags
r-devel-linux-x86_64-debian-clang 0.1.0 2.12 20.04 22.16 OK
r-devel-linux-x86_64-debian-gcc 0.1.0 1.62 15.96 17.58 OK
r-devel-linux-x86_64-fedora-clang 0.1.0 37.24 NOTE
r-devel-linux-x86_64-fedora-gcc 0.1.0 28.24 NOTE
r-devel-windows-ix86+x86_64 0.1.0 5.00 29.00 34.00 OK
r-patched-linux-x86_64 0.1.0 1.56 19.64 21.20 OK
r-patched-solaris-x86 0.1.0 43.40 NOTE
r-release-linux-x86_64 0.1.0 1.57 19.62 21.19 OK
r-release-macos-x86_64 0.1.0 NOTE
r-release-windows-ix86+x86_64 0.1.0 8.00 43.00 51.00 OK
r-oldrel-macos-x86_64 0.1.0 NOTE
r-oldrel-windows-ix86+x86_64 0.1.0 2.00 29.00 31.00 OK

Check Details

Version: 0.1.0
Check: dependencies in R code
Result: NOTE
    Namespaces in Imports field not imported from:
     ‘arules’ ‘arulesViz’ ‘dplyr’ ‘methods’ ‘plotly’ ‘shiny’ ‘shinyMatrix’
     All declared Imports should be used.
Flavors: r-devel-linux-x86_64-fedora-clang, r-devel-linux-x86_64-fedora-gcc, r-patched-solaris-x86, r-release-macos-x86_64, r-oldrel-macos-x86_64