Last updated on 2021-02-24 19:48:00 CET.
Flavor | Version | Tinstall | Tcheck | Ttotal | Status | Flags |
---|---|---|---|---|---|---|
r-devel-linux-x86_64-debian-clang | 0.0.1 | 8.06 | 68.21 | 76.27 | OK | |
r-devel-linux-x86_64-debian-gcc | 0.0.1 | 6.19 | 50.68 | 56.87 | OK | |
r-devel-linux-x86_64-fedora-clang | 0.0.1 | 97.94 | NOTE | |||
r-devel-linux-x86_64-fedora-gcc | 0.0.1 | 95.29 | NOTE | |||
r-devel-windows-ix86+x86_64 | 0.0.1 | 16.00 | 62.00 | 78.00 | OK | |
r-patched-linux-x86_64 | 0.0.1 | 7.72 | 62.25 | 69.97 | OK | |
r-patched-solaris-x86 | 0.0.1 | 132.40 | NOTE | |||
r-release-linux-x86_64 | 0.0.1 | 7.75 | 60.59 | 68.34 | OK | |
r-release-macos-x86_64 | 0.0.1 | NOTE | ||||
r-release-windows-ix86+x86_64 | 0.0.1 | 21.00 | 91.00 | 112.00 | OK | |
r-oldrel-macos-x86_64 | 0.0.1 | NOTE | ||||
r-oldrel-windows-ix86+x86_64 | 0.0.1 | 11.00 | 68.00 | 79.00 | OK |
Version: 0.0.1
Check: dependencies in R code
Result: NOTE
Namespaces in Imports field not imported from:
‘survival’ ‘tidyverse’
All declared Imports should be used.
Flavors: r-devel-linux-x86_64-fedora-clang, r-devel-linux-x86_64-fedora-gcc, r-patched-solaris-x86, r-release-macos-x86_64, r-oldrel-macos-x86_64