CRAN Package Check Results for Package APIS

Last updated on 2021-04-11 11:49:18 CEST.

Flavor Version Tinstall Tcheck Ttotal Status Flags
r-devel-linux-x86_64-debian-clang 1.0.1 6.25 73.45 79.70 OK
r-devel-linux-x86_64-debian-gcc 1.0.1 5.33 54.15 59.48 OK
r-devel-linux-x86_64-fedora-clang 1.0.1 100.67 NOTE
r-devel-linux-x86_64-fedora-gcc 1.0.1 90.93 NOTE
r-devel-windows-ix86+x86_64 1.0.1 14.00 134.00 148.00 OK
r-devel-windows-x86_64-gcc10-UCRT 1.0.1 OK
r-patched-linux-x86_64 1.0.1 5.98 70.70 76.68 OK
r-patched-solaris-x86 1.0.1 237.00 OK
r-release-linux-x86_64 1.0.1 5.84 67.96 73.80 OK
r-release-macos-x86_64 1.0.1 OK
r-release-windows-ix86+x86_64 1.0.1 27.00 178.00 205.00 OK
r-oldrel-macos-x86_64 1.0.1 OK
r-oldrel-windows-ix86+x86_64 1.0.1 16.00 188.00 204.00 OK

Check Details

Version: 1.0.1
Check: compiled code
Result: NOTE
    File ‘APIS/libs/APIS.so’:
     Found no calls to: ‘R_registerRoutines’, ‘R_useDynamicSymbols’
    
    It is good practice to register native routines and to disable symbol
    search.
    
    See ‘Writing portable packages’ in the ‘Writing R Extensions’ manual.
Flavors: r-devel-linux-x86_64-fedora-clang, r-devel-linux-x86_64-fedora-gcc