Last updated on 2023-02-08 23:57:02 CET.
Flavor | Version | Tinstall | Tcheck | Ttotal | Status | Flags |
---|---|---|---|---|---|---|
r-devel-linux-x86_64-debian-clang | 0.0.16 | 773.60 | 160.45 | 934.05 | NOTE | |
r-devel-linux-x86_64-debian-gcc | 0.0.16 | 600.51 | 118.23 | 718.74 | NOTE | |
r-devel-linux-x86_64-fedora-clang | 0.0.16 | 1506.13 | NOTE | |||
r-devel-linux-x86_64-fedora-gcc | 0.0.16 | 1324.20 | NOTE | |||
r-devel-windows-x86_64 | 0.0.16 | 656.00 | 268.00 | 924.00 | NOTE | |
r-patched-linux-x86_64 | 0.0.16 | 644.55 | 142.83 | 787.38 | OK | |
r-release-linux-x86_64 | 0.0.16 | 539.44 | 144.49 | 683.93 | OK | |
r-release-macos-arm64 | 0.0.16 | 224.00 | NOTE | |||
r-release-macos-x86_64 | 0.0.16 | 345.00 | NOTE | |||
r-release-windows-x86_64 | 0.0.16 | 632.00 | 224.00 | 856.00 | OK | |
r-oldrel-macos-arm64 | 0.0.16 | 195.00 | NOTE | |||
r-oldrel-macos-x86_64 | 0.0.16 | 345.00 | NOTE | |||
r-oldrel-windows-ix86+x86_64 | 0.0.16 | 1859.00 | 244.00 | 2103.00 | NOTE |
Version: 0.0.16
Check: C++ specification
Result: NOTE
Specified C++11: please update to current default of C++17
Flavors: r-devel-linux-x86_64-debian-clang, r-devel-windows-x86_64
Version: 0.0.16
Check: C++ specification
Result: NOTE
Specified C++11: please drop specification unless essential
Flavors: r-devel-linux-x86_64-debian-gcc, r-devel-linux-x86_64-fedora-clang, r-devel-linux-x86_64-fedora-gcc
Version: 0.0.16
Check: installed package size
Result: NOTE
installed size is 16.4Mb
sub-directories of 1Mb or more:
libs 14.2Mb
Flavors: r-release-macos-arm64, r-release-macos-x86_64, r-oldrel-macos-arm64, r-oldrel-macos-x86_64, r-oldrel-windows-ix86+x86_64