CRAN Package Check Results for Package ANOVAShiny

Last updated on 2021-03-04 15:49:11 CET.

Flavor Version Tinstall Tcheck Ttotal Status Flags
r-devel-linux-x86_64-debian-clang 0.1.0 2.07 19.84 21.91 OK
r-devel-linux-x86_64-debian-gcc 0.1.0 1.87 15.98 17.85 OK
r-devel-linux-x86_64-fedora-clang 0.1.0 37.06 NOTE
r-devel-linux-x86_64-fedora-gcc 0.1.0 26.57 NOTE
r-devel-windows-ix86+x86_64 0.1.0 7.00 33.00 40.00 OK
r-patched-linux-x86_64 0.1.0 1.66 19.46 21.12 OK
r-patched-solaris-x86 0.1.0 44.10 NOTE
r-release-linux-x86_64 0.1.0 1.68 19.62 21.30 OK
r-release-macos-x86_64 0.1.0 NOTE
r-release-windows-ix86+x86_64 0.1.0 6.00 28.00 34.00 OK
r-oldrel-macos-x86_64 0.1.0 NOTE
r-oldrel-windows-ix86+x86_64 0.1.0 4.00 32.00 36.00 OK

Check Details

Version: 0.1.0
Check: dependencies in R code
Result: NOTE
    Namespaces in Imports field not imported from:
     ‘DescTools’ ‘HH’ ‘datasets’ ‘dplyr’ ‘rhandsontable’ ‘shiny’
     All declared Imports should be used.
Flavors: r-devel-linux-x86_64-fedora-clang, r-devel-linux-x86_64-fedora-gcc, r-patched-solaris-x86, r-release-macos-x86_64, r-oldrel-macos-x86_64