CRAN Package Check Results for Package AMPLE

Last updated on 2021-02-24 19:48:00 CET.

Flavor Version Tinstall Tcheck Ttotal Status Flags
r-devel-linux-x86_64-debian-clang 0.0.2 7.17 80.40 87.57 OK
r-devel-linux-x86_64-debian-gcc 0.0.2 6.65 59.30 65.95 OK
r-devel-linux-x86_64-fedora-clang 0.0.2 109.68 NOTE
r-devel-linux-x86_64-fedora-gcc 0.0.2 108.63 NOTE
r-devel-windows-ix86+x86_64 0.0.2 13.00 71.00 84.00 OK
r-patched-linux-x86_64 0.0.2 7.27 74.60 81.87 OK
r-patched-solaris-x86 0.0.2 136.00 NOTE
r-release-linux-x86_64 0.0.2 7.22 72.18 79.40 OK
r-release-macos-x86_64 0.0.2 NOTE
r-release-windows-ix86+x86_64 0.0.2 20.00 106.00 126.00 OK
r-oldrel-macos-x86_64 0.0.2 NOTE
r-oldrel-windows-ix86+x86_64 0.0.2 11.00 84.00 95.00 OK

Check Details

Version: 0.0.2
Check: dependencies in R code
Result: NOTE
    Namespace in Imports field not imported from: ‘shinyjs’
     All declared Imports should be used.
Flavors: r-devel-linux-x86_64-fedora-clang, r-devel-linux-x86_64-fedora-gcc, r-patched-solaris-x86, r-release-macos-x86_64, r-oldrel-macos-x86_64