Last updated on 2021-03-01 15:47:22 CET.
Flavor | Version | Tinstall | Tcheck | Ttotal | Status | Flags |
---|---|---|---|---|---|---|
r-devel-linux-x86_64-debian-clang | 0.1.9 | NOTE | ||||
r-devel-linux-x86_64-debian-gcc | 0.1.9 | 10.51 | 46.74 | 57.25 | NOTE | |
r-devel-linux-x86_64-fedora-clang | 0.1.9 | 149.89 | NOTE | |||
r-devel-linux-x86_64-fedora-gcc | 0.1.9 | 136.21 | NOTE | |||
r-devel-windows-ix86+x86_64 | 0.1.9 | 21.00 | 83.00 | 104.00 | OK | |
r-patched-linux-x86_64 | 0.1.9 | 12.46 | 50.46 | 62.92 | NOTE | |
r-patched-solaris-x86 | 0.1.9 | 189.20 | NOTE | |||
r-release-linux-x86_64 | 0.1.9 | 12.88 | 50.75 | 63.63 | NOTE | |
r-release-macos-x86_64 | 0.1.9 | OK | ||||
r-release-windows-ix86+x86_64 | 0.1.9 | 29.00 | 124.00 | 153.00 | OK | |
r-oldrel-macos-x86_64 | 0.1.9 | WARN | ||||
r-oldrel-windows-ix86+x86_64 | 0.1.9 | 19.00 | 95.00 | 114.00 | OK |
Version: 0.1.9
Check: for non-standard things in the check directory
Result: NOTE
Found the following files/directories:
'ans_19-2.jpg' 'display2d_19-2.jpg' 'dist(3)_19-2.jpg'
'dist(4)_19-2.jpg' 'dist(mirror)_19-2.jpg' 'dist(mirror2)_19-2.jpg'
Flavors: r-devel-linux-x86_64-debian-clang, r-devel-linux-x86_64-debian-gcc, r-devel-linux-x86_64-fedora-clang, r-devel-linux-x86_64-fedora-gcc, r-patched-linux-x86_64, r-patched-solaris-x86, r-release-linux-x86_64
Version: 0.1.9
Check: whether package can be installed
Result: WARN
Found the following significant warnings:
Warning: 'rgl_init' failed, running with rgl.useNULL = TRUE
Flavor: r-oldrel-macos-x86_64