Last updated on 2021-03-05 23:48:37 CET.
Flavor | Version | Tinstall | Tcheck | Ttotal | Status | Flags |
---|---|---|---|---|---|---|
r-devel-linux-x86_64-debian-clang | 1.0.1 | 15.72 | 108.15 | 123.87 | OK | |
r-devel-linux-x86_64-debian-gcc | 1.0.1 | 15.10 | 82.11 | 97.21 | OK | |
r-devel-linux-x86_64-fedora-clang | 1.0.1 | 166.39 | NOTE | |||
r-devel-linux-x86_64-fedora-gcc | 1.0.1 | 147.54 | NOTE | |||
r-devel-windows-ix86+x86_64 | 1.0.1 | 36.00 | 127.00 | 163.00 | OK | |
r-patched-linux-x86_64 | 1.0.1 | OK | ||||
r-patched-solaris-x86 | 1.0.1 | 212.40 | NOTE | |||
r-release-linux-x86_64 | 1.0.1 | 14.79 | 98.17 | 112.96 | OK | |
r-release-macos-x86_64 | 1.0.1 | NOTE | ||||
r-release-windows-ix86+x86_64 | 1.0.1 | 25.00 | 94.00 | 119.00 | OK | |
r-oldrel-macos-x86_64 | 1.0.1 | NOTE | ||||
r-oldrel-windows-ix86+x86_64 | 1.0.1 | 24.00 | 87.00 | 111.00 | OK |
Version: 1.0.1
Check: dependencies in R code
Result: NOTE
Namespaces in Imports field not imported from:
‘devtools’ ‘mixexp’
All declared Imports should be used.
Flavors: r-devel-linux-x86_64-fedora-clang, r-devel-linux-x86_64-fedora-gcc, r-patched-solaris-x86, r-release-macos-x86_64, r-oldrel-macos-x86_64