Last updated on 2023-06-04 07:55:33 CEST.
Flavor | Version | Tinstall | Tcheck | Ttotal | Status | Flags |
---|---|---|---|---|---|---|
r-devel-linux-x86_64-debian-clang | 1.9.0 | 120.79 | 283.25 | 404.04 | OK | |
r-devel-linux-x86_64-debian-gcc | 1.9.0 | 88.43 | 186.53 | 274.96 | OK | |
r-devel-linux-x86_64-fedora-clang | 1.9.0 | 530.96 | OK | |||
r-devel-linux-x86_64-fedora-gcc | 1.9.0 | 563.55 | OK | |||
r-devel-windows-x86_64 | 1.9.0 | 78.00 | 311.00 | 389.00 | OK | |
r-patched-linux-x86_64 | 1.9.0 | 101.45 | 257.47 | 358.92 | OK | |
r-release-linux-x86_64 | 1.9.0 | 93.16 | 261.34 | 354.50 | OK | |
r-release-macos-arm64 | 1.9.0 | 116.00 | NOTE | |||
r-release-macos-x86_64 | 1.8.2 | 224.00 | NOTE | |||
r-release-windows-x86_64 | 1.9.0 | 107.00 | 416.00 | 523.00 | OK | |
r-oldrel-macos-arm64 | 1.9.0 | 119.00 | NOTE | |||
r-oldrel-macos-x86_64 | 1.9.0 | 190.00 | NOTE | |||
r-oldrel-windows-x86_64 | 1.9.0 | 96.00 | 413.00 | 509.00 | OK |
Version: 1.9.0
Check: installed package size
Result: NOTE
installed size is 7.8Mb
sub-directories of 1Mb or more:
doc 1.7Mb
libs 5.8Mb
Flavors: r-release-macos-arm64, r-oldrel-macos-arm64, r-oldrel-macos-x86_64
Version: 1.8.2
Check: installed package size
Result: NOTE
installed size is 6.9Mb
sub-directories of 1Mb or more:
doc 1.7Mb
libs 4.9Mb
Flavor: r-release-macos-x86_64