CRAN Package Check Results for Package ACEt

Last updated on 2022-05-26 03:53:03 CEST.

Flavor Version Tinstall Tcheck Ttotal Status Flags
r-devel-linux-x86_64-debian-clang 1.8.1 91.17 58.87 150.04 OK
r-devel-linux-x86_64-debian-gcc 1.8.1 69.08 43.43 112.51 OK
r-devel-linux-x86_64-fedora-clang 1.8.1 207.75 OK
r-devel-linux-x86_64-fedora-gcc 1.8.1 198.32 OK
r-devel-windows-x86_64 1.8.1 73.00 92.00 165.00 OK
r-patched-linux-x86_64 1.8.1 71.52 57.39 128.91 OK
r-release-linux-x86_64 1.8.1 OK
r-release-macos-arm64 1.8.1 49.00 NOTE
r-release-macos-x86_64 1.8.1 68.00 NOTE
r-release-windows-x86_64 1.8.1 68.00 98.00 166.00 OK
r-oldrel-macos-arm64 1.8.1 61.00 NOTE
r-oldrel-macos-x86_64 1.8.1 95.00 NOTE
r-oldrel-windows-ix86+x86_64 1.8.1 194.00 96.00 290.00 OK

Check Details

Version: 1.8.1
Check: installed package size
Result: NOTE
     installed size is 5.5Mb
     sub-directories of 1Mb or more:
     libs 5.2Mb
Flavors: r-release-macos-arm64, r-release-macos-x86_64, r-oldrel-macos-arm64, r-oldrel-macos-x86_64