CRAN Package Check Results for Package rjags

Last updated on 2019-11-21 19:48:49 CET.

Flavor Version Tinstall Tcheck Ttotal Status Flags
r-devel-linux-x86_64-debian-clang 4-10 9.58 25.93 35.51 OK
r-devel-linux-x86_64-debian-gcc 4-10 7.05 21.64 28.69 OK
r-devel-linux-x86_64-fedora-clang 4-10 45.31 OK
r-devel-linux-x86_64-fedora-gcc 4-10 43.53 OK
r-devel-windows-ix86+x86_64 4-10 28.00 67.00 95.00 OK
r-devel-windows-ix86+x86_64-gcc8 4-10 27.00 58.00 85.00 OK
r-patched-linux-x86_64 4-10 8.13 25.27 33.40 OK
r-patched-solaris-x86 4-10 64.70 OK
r-release-linux-x86_64 4-10 7.78 25.13 32.91 OK
r-release-windows-ix86+x86_64 4-10 17.00 69.00 86.00 OK
r-release-osx-x86_64 4-10 NOTE
r-oldrel-windows-ix86+x86_64 4-10 18.00 65.00 83.00 OK
r-oldrel-osx-x86_64 4-10 NOTE

Check Details

Version: 4-10
Check: dependencies in R code
Result: NOTE
    No protocol specified
    No protocol specified
Flavors: r-release-osx-x86_64, r-oldrel-osx-x86_64