CRAN Package Check Results for Package blavaan

Last updated on 2019-06-16 22:49:16 CEST.

Flavor Version Tinstall Tcheck Ttotal Status Flags
r-devel-linux-x86_64-debian-clang 0.3-4 15.59 119.57 135.16 OK
r-devel-linux-x86_64-debian-gcc 0.3-4 12.02 94.50 106.52 OK
r-devel-linux-x86_64-fedora-clang 0.3-4 157.77 OK
r-devel-linux-x86_64-fedora-gcc 0.3-4 158.23 OK
r-devel-windows-ix86+x86_64 0.3-4 35.00 125.00 160.00 OK
r-patched-linux-x86_64 0.3-4 13.59 119.61 133.20 OK
r-patched-solaris-x86 0.3-4 226.90 OK
r-release-linux-x86_64 0.3-4 15.30 119.48 134.78 OK
r-release-windows-ix86+x86_64 0.3-4 26.00 183.00 209.00 OK
r-release-osx-x86_64 0.3-4 NOTE
r-oldrel-windows-ix86+x86_64 0.3-4 16.00 179.00 195.00 OK
r-oldrel-osx-x86_64 0.3-4 OK

Check Details

Version: 0.3-4
Check: package dependencies
Result: NOTE
    Package suggested but not available for checking: ‘modeest’
Flavor: r-release-osx-x86_64