CRAN Package Check Results for Package blavaan

Last updated on 2019-08-18 07:48:46 CEST.

Flavor Version Tinstall Tcheck Ttotal Status Flags
r-devel-linux-x86_64-debian-clang 0.3-6 241.35 169.80 411.15 NOTE
r-devel-linux-x86_64-debian-gcc 0.3-6 218.48 132.59 351.07 NOTE
r-devel-linux-x86_64-fedora-clang 0.3-6 572.33 WARN
r-devel-linux-x86_64-fedora-gcc 0.3-6 604.23 WARN
r-devel-windows-ix86+x86_64 0.3-6 421.00 366.00 787.00 NOTE
r-patched-linux-x86_64 0.3-6 209.18 170.07 379.25 NOTE
r-patched-solaris-x86 0.3-6 509.20 NOTE
r-release-linux-x86_64 0.3-6 220.58 169.55 390.13 NOTE
r-release-windows-ix86+x86_64 0.3-6 302.00 238.00 540.00 NOTE
r-release-osx-x86_64 0.3-6 NOTE
r-oldrel-windows-ix86+x86_64 0.3-6 397.00 347.00 744.00 NOTE
r-oldrel-osx-x86_64 0.3-6 NOTE

Check Details

Version: 0.3-6
Check: for GNU extensions in Makefiles
Result: NOTE
    GNU make is a SystemRequirements.
Flavors: r-devel-linux-x86_64-debian-clang, r-devel-linux-x86_64-debian-gcc, r-devel-linux-x86_64-fedora-clang, r-devel-linux-x86_64-fedora-gcc, r-devel-windows-ix86+x86_64, r-patched-linux-x86_64, r-patched-solaris-x86, r-release-linux-x86_64, r-release-windows-ix86+x86_64, r-release-osx-x86_64, r-oldrel-windows-ix86+x86_64, r-oldrel-osx-x86_64

Version: 0.3-6
Check: whether package can be installed
Result: WARN
    Found the following significant warnings:
     /data/gannet/ripley/R/test-clang/StanHeaders/include/stan/math/prim/mat/err/is_lower_triangular.hpp:25:27: warning: 'ptr_fun<double, double>' is deprecated [-Wdeprecated-declarations]
Flavor: r-devel-linux-x86_64-fedora-clang

Version: 0.3-6
Check: installed package size
Result: NOTE
     installed size is 49.1Mb
     sub-directories of 1Mb or more:
     libs 47.9Mb
Flavors: r-devel-linux-x86_64-fedora-clang, r-devel-windows-ix86+x86_64, r-release-windows-ix86+x86_64, r-release-osx-x86_64, r-oldrel-windows-ix86+x86_64, r-oldrel-osx-x86_64

Version: 0.3-6
Check: whether package can be installed
Result: WARN
    Found the following significant warnings:
     /data/gannet/ripley/R/test-3.7/BH/include/boost/get_pointer.hpp:48:40: warning: ‘template<class> class std::auto_ptr’ is deprecated [-Wdeprecated-declarations]
Flavor: r-devel-linux-x86_64-fedora-gcc

Version: 0.3-6
Check: package dependencies
Result: NOTE
    Package suggested but not available for checking: ‘modeest’
Flavor: r-release-osx-x86_64