CRAN Package Check Results for Package SIBER

Last updated on 2019-08-18 07:49:02 CEST.

Flavor Version Tinstall Tcheck Ttotal Status Flags
r-devel-linux-x86_64-debian-clang 2.1.4 5.22 173.78 179.00 OK
r-devel-linux-x86_64-debian-gcc 2.1.4 4.38 127.51 131.89 OK
r-devel-linux-x86_64-fedora-clang 2.1.4 195.69 NOTE
r-devel-linux-x86_64-fedora-gcc 2.1.4 197.69 NOTE
r-devel-windows-ix86+x86_64 2.1.4 17.00 232.00 249.00 OK
r-patched-linux-x86_64 2.1.4 5.39 167.12 172.51 OK
r-patched-solaris-x86 2.1.4 277.90 NOTE
r-release-linux-x86_64 2.1.4 4.85 167.16 172.01 OK
r-release-windows-ix86+x86_64 2.1.4 11.00 167.00 178.00 OK
r-release-osx-x86_64 2.1.4 NOTE
r-oldrel-windows-ix86+x86_64 2.1.4 12.00 225.00 237.00 OK
r-oldrel-osx-x86_64 2.1.4 NOTE

Check Details

Version: 2.1.4
Check: dependencies in R code
Result: NOTE
    Namespaces in Imports field not imported from:
     ‘coda’ ‘ellipse’ ‘viridis’
     All declared Imports should be used.
Flavors: r-devel-linux-x86_64-fedora-clang, r-devel-linux-x86_64-fedora-gcc, r-patched-solaris-x86, r-release-osx-x86_64, r-oldrel-osx-x86_64