CRAN Package Check Results for Package SIBER

Last updated on 2019-12-13 07:52:40 CET.

Flavor Version Tinstall Tcheck Ttotal Status Flags
r-devel-linux-x86_64-debian-clang 2.1.4 6.57 193.01 199.58 OK
r-devel-linux-x86_64-debian-gcc 2.1.4 4.88 134.98 139.86 OK
r-devel-linux-x86_64-fedora-clang 2.1.4 231.04 NOTE
r-devel-linux-x86_64-fedora-gcc 2.1.4 225.55 NOTE
r-devel-windows-ix86+x86_64 2.1.4 14.00 255.00 269.00 OK
r-devel-windows-ix86+x86_64-gcc8 2.1.4 15.00 310.00 325.00 OK
r-patched-linux-x86_64 2.1.4 5.32 166.63 171.95 OK
r-patched-solaris-x86 2.1.4 278.60 NOTE
r-release-linux-x86_64 2.1.4 4.62 168.17 172.79 OK
r-release-windows-ix86+x86_64 2.1.4 11.00 181.00 192.00 OK
r-release-osx-x86_64 2.1.4 NOTE
r-oldrel-windows-ix86+x86_64 2.1.4 8.00 159.00 167.00 OK
r-oldrel-osx-x86_64 2.1.4 NOTE

Check Details

Version: 2.1.4
Check: dependencies in R code
Result: NOTE
    Namespaces in Imports field not imported from:
     ‘coda’ ‘ellipse’ ‘viridis’
     All declared Imports should be used.
Flavors: r-devel-linux-x86_64-fedora-clang, r-devel-linux-x86_64-fedora-gcc, r-patched-solaris-x86, r-release-osx-x86_64, r-oldrel-osx-x86_64