CRAN Package Check Results for Package Luminescence

Last updated on 2019-12-13 07:52:29 CET.

Flavor Version Tinstall Tcheck Ttotal Status Flags
r-devel-linux-x86_64-debian-clang 0.9.6 97.69 336.53 434.22 OK
r-devel-linux-x86_64-debian-gcc 0.9.6 70.21 247.42 317.63 OK
r-devel-linux-x86_64-fedora-clang 0.9.6 518.77 NOTE
r-devel-linux-x86_64-fedora-gcc 0.9.6 494.89 OK
r-devel-windows-ix86+x86_64 0.9.6 207.00 469.00 676.00 NOTE
r-devel-windows-ix86+x86_64-gcc8 0.9.6 155.00 473.00 628.00 NOTE
r-patched-linux-x86_64 0.9.6 78.74 297.63 376.37 OK
r-patched-solaris-x86 0.9.6 556.80 NOTE
r-release-linux-x86_64 0.9.6 78.00 297.03 375.03 OK
r-release-windows-ix86+x86_64 0.9.6 174.00 589.00 763.00 NOTE
r-release-osx-x86_64 0.9.6 NOTE
r-oldrel-windows-ix86+x86_64 0.9.6 127.00 370.00 497.00 NOTE
r-oldrel-osx-x86_64 0.9.6 NOTE

Check Details

Version: 0.9.6
Check: installed package size
Result: NOTE
     installed size is 5.9Mb
     sub-directories of 1Mb or more:
     R 1.5Mb
     help 1.1Mb
     libs 1.6Mb
Flavors: r-devel-linux-x86_64-fedora-clang, r-devel-windows-ix86+x86_64, r-devel-windows-ix86+x86_64-gcc8, r-patched-solaris-x86, r-release-windows-ix86+x86_64, r-release-osx-x86_64, r-oldrel-windows-ix86+x86_64, r-oldrel-osx-x86_64