CRAN Package Check Results for Package Luminescence

Last updated on 2019-08-18 07:48:54 CEST.

Flavor Version Tinstall Tcheck Ttotal Status Flags
r-devel-linux-x86_64-debian-clang 0.9.3 88.68 299.29 387.97 OK
r-devel-linux-x86_64-debian-gcc 0.9.3 70.47 230.25 300.72 OK
r-devel-linux-x86_64-fedora-clang 0.9.3 480.31 NOTE
r-devel-linux-x86_64-fedora-gcc 0.9.3 471.71 OK
r-devel-windows-ix86+x86_64 0.9.3 197.00 569.00 766.00 NOTE
r-patched-linux-x86_64 0.9.3 83.78 296.23 380.01 OK
r-patched-solaris-x86 0.9.3 553.00 OK
r-release-linux-x86_64 0.9.3 81.78 293.06 374.84 OK
r-release-windows-ix86+x86_64 0.9.3 143.00 415.00 558.00 NOTE
r-release-osx-x86_64 0.9.3 NOTE
r-oldrel-windows-ix86+x86_64 0.9.3 200.00 510.00 710.00 NOTE
r-oldrel-osx-x86_64 0.9.3 NOTE

Check Details

Version: 0.9.3
Check: installed package size
Result: NOTE
     installed size is 6.0Mb
     sub-directories of 1Mb or more:
     R 1.5Mb
     help 1.1Mb
     libs 1.7Mb
Flavors: r-devel-linux-x86_64-fedora-clang, r-devel-windows-ix86+x86_64, r-release-windows-ix86+x86_64, r-release-osx-x86_64, r-oldrel-windows-ix86+x86_64, r-oldrel-osx-x86_64